{"id":2339,"date":"2024-07-18T12:03:54","date_gmt":"2024-07-18T15:03:54","guid":{"rendered":"https:\/\/iamarketing.gp.utfpr.edu.br\/?page_id=2339"},"modified":"2024-07-18T12:09:16","modified_gmt":"2024-07-18T15:09:16","slug":"matriz-curricular","status":"publish","type":"page","link":"https:\/\/iamarketing.gp.utfpr.edu.br\/?page_id=2339","title":{"rendered":"Matriz Curricular"},"content":{"rendered":"\n<div class=\"wp-block-uagb-container uagb-block-3560116b alignfull uagb-is-root-container\"><div class=\"uagb-container-inner-blocks-wrap\">\n<div class=\"wp-block-uagb-info-box uagb-block-d6f0dd61 uagb-infobox__content-wrap  uagb-infobox-icon-above-title uagb-infobox-image-valign-top wp-block-uagb-info-box--has-margin\"><div class=\"uagb-infobox-margin-wrapper\"><div class=\"uagb-ifb-content\"><div class=\"uagb-ifb-separator\"><\/div><div class=\"uagb-ifb-title-wrap\"><h1 class=\"uagb-ifb-title\">Matriz Curricular<\/h1><\/div><\/div><\/div><\/div>\n<\/div><\/div>\n\n\n\n<div class=\"wp-block-uagb-advanced-heading uagb-block-23eca671\"><h2 class=\"uagb-heading-text\"><br><br>Disciplinas<br><br><\/h2><\/div>\n\n\n\n<div class=\"wp-block-uagb-container uagb-block-d40806e6 alignfull uagb-is-root-container\"><div class=\"uagb-container-inner-blocks-wrap\">\n<div class=\"wp-block-uagb-container uagb-block-80be6c0b\">\n<p>Ordem<\/p>\n<\/div>\n\n\n\n<div class=\"wp-block-uagb-container uagb-block-03be10d6\">\n<p>Disciplina<\/p>\n<\/div>\n\n\n\n<div class=\"wp-block-uagb-container uagb-block-df64c26d\">\n<p>Carga Hor\u00e1ria<\/p>\n<\/div>\n\n\n\n<div class=\"wp-block-uagb-container uagb-block-04333461\">\n<p>Professor<\/p>\n<\/div>\n<\/div><\/div>\n\n\n\n<div class=\"wp-block-uagb-container uagb-block-ba1786b0 alignfull uagb-is-root-container\"><div class=\"uagb-container-inner-blocks-wrap\">\n<div class=\"wp-block-uagb-container uagb-block-199665b1\">\n<p>1<\/p>\n<\/div>\n\n\n\n<div class=\"wp-block-uagb-container uagb-block-b932c3da\">\n<p>Marketing de Conte\u00fado 4.0<\/p>\n<\/div>\n\n\n\n<div class=\"wp-block-uagb-container uagb-block-f31c2b0e\">\n<p>36 horas<\/p>\n<\/div>\n\n\n\n<div class=\"wp-block-uagb-container uagb-block-8934a8c4\">\n<p>Lu\u00e3n Jos\u00e9 Vaz Chagas<\/p>\n<\/div>\n<\/div><\/div>\n\n\n\n<div class=\"wp-block-uagb-container uagb-block-e3cfe948 alignfull uagb-is-root-container\"><div class=\"uagb-container-inner-blocks-wrap\">\n<div class=\"wp-block-uagb-container uagb-block-c91b7f20\">\n<p>2<\/p>\n<\/div>\n\n\n\n<div class=\"wp-block-uagb-container uagb-block-54c2482f\">\n<p>Futuro do Marketing Digital<\/p>\n<\/div>\n\n\n\n<div class=\"wp-block-uagb-container uagb-block-7a770b21\">\n<p>36 horas<\/p>\n<\/div>\n\n\n\n<div class=\"wp-block-uagb-container uagb-block-5a73382e\">\n<p>Carla Fernanda de Oliveira Paulo<\/p>\n<\/div>\n<\/div><\/div>\n\n\n\n<div class=\"wp-block-uagb-container uagb-block-998901dd alignfull uagb-is-root-container\"><div class=\"uagb-container-inner-blocks-wrap\">\n<div class=\"wp-block-uagb-container uagb-block-4b7eebd6\">\n<p>3<\/p>\n<\/div>\n\n\n\n<div class=\"wp-block-uagb-container uagb-block-d2677387\">\n<p>Intelig\u00eancia Artificial aplicada ao Marketing<\/p>\n<\/div>\n\n\n\n<div class=\"wp-block-uagb-container uagb-block-1d690a40\">\n<p>36 horas<\/p>\n<\/div>\n\n\n\n<div class=\"wp-block-uagb-container uagb-block-ac9a410f\">\n<p>Renata Stange<\/p>\n<\/div>\n<\/div><\/div>\n\n\n\n<div class=\"wp-block-uagb-container uagb-block-e2707e3d alignfull uagb-is-root-container\"><div class=\"uagb-container-inner-blocks-wrap\">\n<div class=\"wp-block-uagb-container uagb-block-86a70730\">\n<p>4<\/p>\n<\/div>\n\n\n\n<div class=\"wp-block-uagb-container uagb-block-1fac17a7\">\n<p>Gest\u00e3o de Imagem Institucional<\/p>\n<\/div>\n\n\n\n<div class=\"wp-block-uagb-container uagb-block-be95a802\">\n<p>36 horas<\/p>\n<\/div>\n\n\n\n<div class=\"wp-block-uagb-container uagb-block-681f460b\">\n<p>Marcelo Henrique Granza<\/p>\n<\/div>\n<\/div><\/div>\n\n\n\n<div class=\"wp-block-uagb-container uagb-block-317b4dfc alignfull uagb-is-root-container\"><div class=\"uagb-container-inner-blocks-wrap\">\n<div class=\"wp-block-uagb-container uagb-block-971a9f35\">\n<p>5<\/p>\n<\/div>\n\n\n\n<div class=\"wp-block-uagb-container uagb-block-c45696bd\">\n<p>An\u00e1lise de Dados e Marketing Analytics<\/p>\n<\/div>\n\n\n\n<div class=\"wp-block-uagb-container uagb-block-d9eff1c5\">\n<p>36 horas<\/p>\n<\/div>\n\n\n\n<div class=\"wp-block-uagb-container uagb-block-84525e9f\">\n<p>Renata Stange<\/p>\n<\/div>\n<\/div><\/div>\n\n\n\n<div class=\"wp-block-uagb-container uagb-block-6303d72b alignfull uagb-is-root-container\"><div class=\"uagb-container-inner-blocks-wrap\">\n<div class=\"wp-block-uagb-container uagb-block-7239207f\">\n<p>6<\/p>\n<\/div>\n\n\n\n<div class=\"wp-block-uagb-container uagb-block-ac07cbdf\">\n<p>Tr\u00e1fego Pago em Redes Sociais<\/p>\n<\/div>\n\n\n\n<div class=\"wp-block-uagb-container uagb-block-6a599a69\">\n<p>36 horas<\/p>\n<\/div>\n\n\n\n<div class=\"wp-block-uagb-container uagb-block-4f993ee7\">\n<p>Carla Fernanda de Oliveira Paulo<\/p>\n<\/div>\n<\/div><\/div>\n\n\n\n<div class=\"wp-block-uagb-container uagb-block-78804687 alignfull uagb-is-root-container\"><div class=\"uagb-container-inner-blocks-wrap\">\n<div class=\"wp-block-uagb-container uagb-block-661042c6\">\n<p>7<\/p>\n<\/div>\n\n\n\n<div class=\"wp-block-uagb-container uagb-block-527f010f\">\n<p>Audiovisual e Marketing Digital<\/p>\n<\/div>\n\n\n\n<div class=\"wp-block-uagb-container uagb-block-045ee5e5\">\n<p>24 horas<\/p>\n<\/div>\n\n\n\n<div class=\"wp-block-uagb-container uagb-block-e6cce4cc\">\n<p>Victor Teo<\/p>\n<\/div>\n<\/div><\/div>\n\n\n\n<div class=\"wp-block-uagb-container uagb-block-62f4b28b alignfull uagb-is-root-container\"><div class=\"uagb-container-inner-blocks-wrap\">\n<div class=\"wp-block-uagb-container uagb-block-385856bc\">\n<p>8<\/p>\n<\/div>\n\n\n\n<div class=\"wp-block-uagb-container uagb-block-c4192e29\">\n<p>Marketing de Influenciadores<\/p>\n<\/div>\n\n\n\n<div class=\"wp-block-uagb-container uagb-block-c1ce0b14\">\n<p>24 horas<\/p>\n<\/div>\n\n\n\n<div class=\"wp-block-uagb-container uagb-block-3f5fe304\">\n<p>Mariana Almeida<\/p>\n<\/div>\n<\/div><\/div>\n\n\n\n<div class=\"wp-block-uagb-container uagb-block-79bcb5a1 alignfull uagb-is-root-container\"><div class=\"uagb-container-inner-blocks-wrap\">\n<div class=\"wp-block-uagb-container uagb-block-f96ece04\">\n<p>9<\/p>\n<\/div>\n\n\n\n<div class=\"wp-block-uagb-container uagb-block-d373bab0\">\n<p>Branding 4.0<\/p>\n<\/div>\n\n\n\n<div class=\"wp-block-uagb-container uagb-block-8c0177fa\">\n<p>36 horas<\/p>\n<\/div>\n\n\n\n<div class=\"wp-block-uagb-container uagb-block-525807ac\">\n<p>Lu\u00e3n Jos\u00e9 Vaz Chagas<\/p>\n<\/div>\n<\/div><\/div>\n\n\n\n<div class=\"wp-block-uagb-container uagb-block-d213c94c alignfull uagb-is-root-container\"><div class=\"uagb-container-inner-blocks-wrap\">\n<div class=\"wp-block-uagb-container uagb-block-49144cfe\">\n<p>10<\/p>\n<\/div>\n\n\n\n<div class=\"wp-block-uagb-container uagb-block-acc23ded\">\n<p>Estrat\u00e9gias em MarketPlaces<\/p>\n<\/div>\n\n\n\n<div class=\"wp-block-uagb-container uagb-block-6c4b6dd3\">\n<p>36 horas<\/p>\n<\/div>\n\n\n\n<div class=\"wp-block-uagb-container uagb-block-53b0385c\">\n<p>Mariana Almeida<\/p>\n<\/div>\n<\/div><\/div>\n\n\n\n<div class=\"wp-block-uagb-container uagb-block-9ebeda16 alignfull uagb-is-root-container\"><div class=\"uagb-container-inner-blocks-wrap\">\n<div class=\"wp-block-uagb-container uagb-block-940d5d79\">\n<p>11<\/p>\n<\/div>\n\n\n\n<div class=\"wp-block-uagb-container uagb-block-d4da053f\">\n<p>Inova\u00e7\u00e3o no Marketing 4.0<\/p>\n<\/div>\n\n\n\n<div class=\"wp-block-uagb-container uagb-block-75deaaec\">\n<p>36 horas<\/p>\n<\/div>\n\n\n\n<div class=\"wp-block-uagb-container uagb-block-4b2c6efb\">\n<p>Jo\u00e3o Dallamuta<\/p>\n<\/div>\n<\/div><\/div>\n\n\n\n<p><\/p>\n\n\n\n<h2 class=\"wp-block-heading\"><br><div class=\"wp-block-uagb-container uagb-block-3c744207 alignfull uagb-is-root-container\"><div class=\"uagb-container-inner-blocks-wrap\"><p class=\"has-large-font-size\">Matriz Curricular<\/p><p class=\"has-large-font-size\"><\/p><\/div><\/div><br><\/h2>\n\n\n\n<div class=\"wp-block-uagb-container uagb-block-98d2234e\">\n<div class=\"wp-block-uagb-container uagb-block-863d4906\">      \n\t\t\t<div class=\"uagb-icon-wrapper uagb-block-0c6150e8  \"\t>\n\t\t\t\t\t\t\t\t\t<span class=\"uagb-svg-wrapper\" aria-label=&quot;book&quot;>\t\t\n\t\t\t\t\t\t\t\t\t\t<svg xmlns=\"https:\/\/www.w3.org\/2000\/svg\" viewBox= \"0 0 448 512\" role=\"graphics-symbol\" aria-hidden=\"false\" aria-label=\"\"><path d=\"M448 336v-288C448 21.49 426.5 0 400 0H96C42.98 0 0 42.98 0 96v320c0 53.02 42.98 96 96 96h320c17.67 0 32-14.33 32-31.1c0-11.72-6.607-21.52-16-27.1v-81.36C441.8 362.8 448 350.2 448 336zM143.1 128h192C344.8 128 352 135.2 352 144C352 152.8 344.8 160 336 160H143.1C135.2 160 128 152.8 128 144C128 135.2 135.2 128 143.1 128zM143.1 192h192C344.8 192 352 199.2 352 208C352 216.8 344.8 224 336 224H143.1C135.2 224 128 216.8 128 208C128 199.2 135.2 192 143.1 192zM384 448H96c-17.67 0-32-14.33-32-32c0-17.67 14.33-32 32-32h288V448z\"><\/path><\/svg>\n\t\t\t\t\t\t\t\t\t<\/span>\n\t\t\t\t\t\t\t<\/div>\n\t\t\t\n\n\n<p><a href=\"https:\/\/nuvem.utfpr.edu.br\/index.php\/s\/7H7OOMhiEltX4IO\"><mark style=\"background-color:rgba(0, 0, 0, 0)\" class=\"has-inline-color has-ast-global-color-0-color\">Acesse aqui a Matriz Curricular<\/mark><\/a><\/p>\n<\/div>\n<\/div>\n\n\n\n<p><\/p>\n","protected":false},"excerpt":{"rendered":"<p>Disciplinas Ordem Disciplina Carga Hor\u00e1ria Professor 1 Marketing de Conte\u00fado 4.0 36 horas Lu\u00e3n Jos\u00e9 Vaz Chagas 2 Futuro do Marketing Digital 36 horas Carla Fernanda de Oliveira Paulo 3 Intelig\u00eancia Artificial aplicada ao Marketing 36 horas Renata Stange 4 Gest\u00e3o de Imagem Institucional 36 horas Marcelo Henrique Granza 5 An\u00e1lise de Dados e Marketing [&hellip;]<\/p>\n","protected":false},"author":2,"featured_media":0,"parent":0,"menu_order":0,"comment_status":"closed","ping_status":"closed","template":"","meta":{"_uag_custom_page_level_css":"","site-sidebar-layout":"default","site-content-layout":"","ast-site-content-layout":"default","site-content-style":"default","site-sidebar-style":"default","ast-global-header-display":"","ast-banner-title-visibility":"","ast-main-header-display":"","ast-hfb-above-header-display":"","ast-hfb-below-header-display":"","ast-hfb-mobile-header-display":"","site-post-title":"disabled","ast-breadcrumbs-content":"","ast-featured-img":"","footer-sml-layout":"","theme-transparent-header-meta":"","adv-header-id-meta":"","stick-header-meta":"","header-above-stick-meta":"","header-main-stick-meta":"","header-below-stick-meta":"","astra-migrate-meta-layouts":"set","ast-page-background-enabled":"default","ast-page-background-meta":{"desktop":{"background-color":"","background-image":"","background-repeat":"repeat","background-position":"center center","background-size":"auto","background-attachment":"scroll","background-type":"","background-media":"","overlay-type":"","overlay-color":"","overlay-opacity":"","overlay-gradient":""},"tablet":{"background-color":"","background-image":"","background-repeat":"repeat","background-position":"center center","background-size":"auto","background-attachment":"scroll","background-type":"","background-media":"","overlay-type":"","overlay-color":"","overlay-opacity":"","overlay-gradient":""},"mobile":{"background-color":"","background-image":"","background-repeat":"repeat","background-position":"center center","background-size":"auto","background-attachment":"scroll","background-type":"","background-media":"","overlay-type":"","overlay-color":"","overlay-opacity":"","overlay-gradient":""}},"ast-content-background-meta":{"desktop":{"background-color":"var(--ast-global-color-5)","background-image":"","background-repeat":"repeat","background-position":"center center","background-size":"auto","background-attachment":"scroll","background-type":"","background-media":"","overlay-type":"","overlay-color":"","overlay-opacity":"","overlay-gradient":""},"tablet":{"background-color":"var(--ast-global-color-5)","background-image":"","background-repeat":"repeat","background-position":"center center","background-size":"auto","background-attachment":"scroll","background-type":"","background-media":"","overlay-type":"","overlay-color":"","overlay-opacity":"","overlay-gradient":""},"mobile":{"background-color":"var(--ast-global-color-5)","background-image":"","background-repeat":"repeat","background-position":"center center","background-size":"auto","background-attachment":"scroll","background-type":"","background-media":"","overlay-type":"","overlay-color":"","overlay-opacity":"","overlay-gradient":""}},"footnotes":""},"class_list":["post-2339","page","type-page","status-publish","hentry"],"uagb_featured_image_src":{"full":false,"thumbnail":false,"medium":false,"medium_large":false,"large":false,"1536x1536":false,"2048x2048":false},"uagb_author_info":{"display_name":"Anthony Egiert","author_link":"https:\/\/iamarketing.gp.utfpr.edu.br\/?author=2"},"uagb_comment_info":0,"uagb_excerpt":"Disciplinas Ordem Disciplina Carga Hor\u00e1ria Professor 1 Marketing de Conte\u00fado 4.0 36 horas Lu\u00e3n Jos\u00e9 Vaz Chagas 2 Futuro do Marketing Digital 36 horas Carla Fernanda de Oliveira Paulo 3 Intelig\u00eancia Artificial aplicada ao Marketing 36 horas Renata Stange 4 Gest\u00e3o de Imagem Institucional 36 horas Marcelo Henrique Granza 5 An\u00e1lise de Dados e Marketing&hellip;","_links":{"self":[{"href":"https:\/\/iamarketing.gp.utfpr.edu.br\/index.php?rest_route=\/wp\/v2\/pages\/2339","targetHints":{"allow":["GET"]}}],"collection":[{"href":"https:\/\/iamarketing.gp.utfpr.edu.br\/index.php?rest_route=\/wp\/v2\/pages"}],"about":[{"href":"https:\/\/iamarketing.gp.utfpr.edu.br\/index.php?rest_route=\/wp\/v2\/types\/page"}],"author":[{"embeddable":true,"href":"https:\/\/iamarketing.gp.utfpr.edu.br\/index.php?rest_route=\/wp\/v2\/users\/2"}],"replies":[{"embeddable":true,"href":"https:\/\/iamarketing.gp.utfpr.edu.br\/index.php?rest_route=%2Fwp%2Fv2%2Fcomments&post=2339"}],"version-history":[{"count":8,"href":"https:\/\/iamarketing.gp.utfpr.edu.br\/index.php?rest_route=\/wp\/v2\/pages\/2339\/revisions"}],"predecessor-version":[{"id":2349,"href":"https:\/\/iamarketing.gp.utfpr.edu.br\/index.php?rest_route=\/wp\/v2\/pages\/2339\/revisions\/2349"}],"wp:attachment":[{"href":"https:\/\/iamarketing.gp.utfpr.edu.br\/index.php?rest_route=%2Fwp%2Fv2%2Fmedia&parent=2339"}],"curies":[{"name":"wp","href":"https:\/\/api.w.org\/{rel}","templated":true}]}}