{"id":139,"date":"2024-07-17T16:20:48","date_gmt":"2024-07-17T19:20:48","guid":{"rendered":"https:\/\/iamarketing.gp.utfpr.edu.br\/?page_id=139"},"modified":"2024-09-16T15:53:15","modified_gmt":"2024-09-16T18:53:15","slug":"about-us","status":"publish","type":"page","link":"https:\/\/iamarketing.gp.utfpr.edu.br\/?page_id=139","title":{"rendered":"Sobre o MBA"},"content":{"rendered":"\n<div class=\"wp-block-uagb-container uagb-block-27ef9fe0 alignfull uagb-is-root-container\"><div class=\"uagb-container-inner-blocks-wrap\">\n<div class=\"wp-block-uagb-info-box uagb-block-d444f0cc uagb-infobox__content-wrap  uagb-infobox-icon-above-title uagb-infobox-image-valign-top wp-block-uagb-info-box--has-margin\"><div class=\"uagb-infobox-margin-wrapper\"><div class=\"uagb-ifb-content\"><div class=\"uagb-ifb-separator\"><\/div><div class=\"uagb-ifb-title-wrap\"><h1 class=\"uagb-ifb-title\">Saiba Mais<\/h1><\/div><\/div><\/div><\/div>\n<\/div><\/div>\n\n\n\n<div class=\"wp-block-uagb-container uag-blocks-common-selector uagb-block-25cf62e4 alignfull uagb-is-root-container\"><div class=\"uagb-container-inner-blocks-wrap\">\n<div class=\"wp-block-uagb-container uag-blocks-common-selector uagb-block-a71d85eb\">\n<div class=\"wp-block-uagb-image alignright uagb-block-cf9353db wp-block-uagb-image--layout-default wp-block-uagb-image--effect-static wp-block-uagb-image--align-right\"><figure class=\"wp-block-uagb-image__figure\"><img decoding=\"async\" srcset=\"https:\/\/iamarketing.gp.utfpr.edu.br\/wp-content\/uploads\/2024\/07\/Designer-53.jpeg ,https:\/\/iamarketing.gp.utfpr.edu.br\/wp-content\/uploads\/2024\/07\/Designer-53.jpeg 780w, https:\/\/iamarketing.gp.utfpr.edu.br\/wp-content\/uploads\/2024\/07\/Designer-53.jpeg 360w\" sizes=\"auto, (max-width: 480px) 150px\" src=\"https:\/\/iamarketing.gp.utfpr.edu.br\/wp-content\/uploads\/2024\/07\/Designer-53.jpeg\" alt=\"\" class=\"uag-image-2351\" width=\"600\" height=\"720\" title=\"Designer (53)\" loading=\"lazy\" role=\"img\"\/><\/figure><\/div>\n<\/div>\n\n\n\n<div class=\"wp-block-uagb-container uagb-block-16f5afa9\">\n<div class=\"wp-block-uagb-advanced-heading uagb-block-254b694e\"><h2 class=\"uagb-heading-text\">Objetivo<\/h2><p class=\"uagb-desc-text\">O MBA em Intelig\u00eancia Artificial e Inova\u00e7\u00e3o no Marketing Digital tem como objetivo oferecer uma forma\u00e7\u00e3o de excel\u00eancia, estrat\u00e9gica, t\u00e9cnica e empreendedora voltada a rec\u00e9m-graduados, profissionais, empres\u00e1rios, industri\u00e1rios que possibilite o exerc\u00edcio profissional \u00e9tico, cr\u00edtico e com compet\u00eancias para a formata\u00e7\u00e3o de a\u00e7\u00f5es que envolvam a utiliza\u00e7\u00e3o da an\u00e1lise de dados, de estrat\u00e9gias de inova\u00e7\u00e3o na aplica\u00e7\u00e3o, avalia\u00e7\u00e3o e oferta de solu\u00e7\u00f5es no marketing voltado ao ambiente digital das<br>organiza\u00e7\u00f5es.<\/p><\/div>\n\n\n\n<div class=\"wp-block-uagb-advanced-heading uagb-block-577af811\"><h3 class=\"uagb-heading-text\">Vagas ofertadas<\/h3><\/div>\n\n\n\n<div class=\"wp-block-uagb-icon-list uagb-block-e29d3134\"><div class=\"uagb-icon-list__wrap\">\n<div class=\"wp-block-uagb-icon-list-child uagb-block-e170e70d\"><span class=\"uagb-icon-list__source-wrap\"><svg xmlns=\"https:\/\/www.w3.org\/2000\/svg\" viewBox=\"0 0 448 512\"><path d=\"M400 288h-352c-17.69 0-32-14.32-32-32.01s14.31-31.99 32-31.99h352c17.69 0 32 14.3 32 31.99S417.7 288 400 288z\"><\/path><\/svg><\/span><span class=\"uagb-icon-list__label\">70 vagas<\/span><\/div>\n<\/div><\/div>\n\n\n\n<p class=\"has-small-font-size\"><em>Seguindo o Art. 16 da RESOLU\u00c7\u00c3O COUNI\/UTFPR n\u00ba 97, de 10 de fevereiro de 2023, est\u00e3o previstas 10% de vagas para apacita\u00e7\u00e3o de servidores da UTFPR. Desta forma, 7 vagas s\u00e3o reservadas de acordo com a pol\u00edtica institucional.<\/em><\/p>\n<\/div>\n<\/div><\/div>\n\n\n\n<div class=\"wp-block-uagb-container uagb-block-2009b3b8 alignfull uagb-is-root-container\"><div class=\"uagb-container-inner-blocks-wrap\">\n<div class=\"wp-block-uagb-advanced-heading uagb-block-bdd2d175\"><h2 class=\"uagb-heading-text\">Crit\u00e9rios de Sele\u00e7\u00e3o e Requisitos para Ingresso<\/h2><\/div>\n\n\n\n<div class=\"wp-block-columns is-layout-flex wp-container-core-columns-is-layout-28f84493 wp-block-columns-is-layout-flex\">\n<div class=\"wp-block-column is-layout-flow wp-block-column-is-layout-flow\" style=\"flex-basis:100%\">\n<div class=\"wp-block-uagb-container uagb-block-ef72cab3\">\n<p>A inscri\u00e7\u00e3o ser\u00e1 realizada de forma online e admiss\u00e3o por meio de edital com avalia\u00e7\u00e3o do Curr\u00edculo Lattes ou Curr\u00edculo Vitae, Hist\u00f3rico Escolar da Gradua\u00e7\u00e3o, Diploma ou Certificado de Gradua\u00e7\u00e3o. Ap\u00f3s o recebimento, a comiss\u00e3o far\u00e1 a sele\u00e7\u00e3o e publicar\u00e1 no site institucional a lista de convocados para matr\u00edcula com limite de 70 vagas. A pontua\u00e7\u00e3o para a sele\u00e7\u00e3o ser\u00e1 realizada em edital pr\u00f3prio elaborado pela comiss\u00e3o de sele\u00e7\u00e3o.<br><br>A sele\u00e7\u00e3o de servidores ser\u00e1 realizada tamb\u00e9m via edital com avalia\u00e7\u00e3o do Curr\u00edculo Lattes ou Curriculum Vitae, Hist\u00f3rico Escolar da Gradua\u00e7\u00e3o, Diploma ou Certificado de Gradua\u00e7\u00e3o acrescida da idade mais avan\u00e7ada para crit\u00e9rio de desempate. Em caso de empate, a vaga ser\u00e1 destinada para o candidato mais idoso.<\/p>\n<\/div>\n<\/div>\n<\/div>\n\n\n\n<div class=\"wp-block-uagb-buttons uagb-buttons__outer-wrap uagb-btn__default-btn uagb-btn-tablet__default-btn uagb-btn-mobile__default-btn uagb-block-cc215bf4\"><div class=\"uagb-buttons__wrap uagb-buttons-layout-wrap \">\n<div class=\"wp-block-uagb-buttons-child uagb-buttons__outer-wrap uagb-block-b786737c wp-block-button\"><div class=\"uagb-button__wrapper\"><a class=\"uagb-buttons-repeater wp-block-button__link\" aria-label=\"\" href=\"https:\/\/iamarketing.gp.utfpr.edu.br\/?page_id=137\" rel=\"follow noopener\" target=\"_self\" role=\"button\"><div class=\"uagb-button__link\">Editais<\/div><span class=\"uagb-button__icon uagb-button__icon-position-after\"><svg xmlns=\"https:\/\/www.w3.org\/2000\/svg\" viewBox=\"0 0 448 512\" aria-hidden=\"true\" focussable=\"false\"><path d=\"M438.6 278.6l-160 160C272.4 444.9 264.2 448 256 448s-16.38-3.125-22.62-9.375c-12.5-12.5-12.5-32.75 0-45.25L338.8 288H32C14.33 288 .0016 273.7 .0016 256S14.33 224 32 224h306.8l-105.4-105.4c-12.5-12.5-12.5-32.75 0-45.25s32.75-12.5 45.25 0l160 160C451.1 245.9 451.1 266.1 438.6 278.6z\"><\/path><\/svg><\/span><\/a><\/div><\/div>\n<\/div><\/div>\n<\/div><\/div>\n\n\n\n<div class=\"wp-block-uagb-container uagb-block-db2d419d alignfull uagb-is-root-container\"><div class=\"uagb-container-inner-blocks-wrap\">\n<div class=\"wp-block-uagb-container uagb-layout-grid uagb-block-964d8b67\">\n<div class=\"wp-block-uagb-info-box uagb-block-f88e0df1 uagb-infobox__content-wrap  uagb-infobox-icon-above-title uagb-infobox-image-valign-top\"><div class=\"uagb-ifb-content\"><div class=\"uagb-ifb-title-wrap\"><h3 class=\"uagb-ifb-title\">Preciso fazer TCC?<\/h3><\/div><p class=\"uagb-ifb-desc\">N\u00e3o h\u00e1 exig\u00eancia de Trabalho de Conclus\u00e3o de Curso.<br>O objetivo \u00e9 desenvolver as habilidades e conhecimentos durante o aprendizado.<\/p><div class=\"uagb-ifb-button-wrapper wp-block-button\"><a href=\"https:\/\/iamarketing.gp.utfpr.edu.br\/?page_id=2339\" class=\"uagb-infobox-cta-link wp-block-button__link\" target=\"_self\" rel=\"noopener noreferrer\" onclick=\"return true;\"><span class=\"uagb-inline-editing\">Matriz Curricular<\/span><svg xmlns=\"https:\/\/www.w3.org\/2000\/svg\" viewBox=\"0 0 512 512\"><path d=\"M502.6 278.6l-128 128c-12.51 12.51-32.76 12.49-45.25 0c-12.5-12.5-12.5-32.75 0-45.25L402.8 288H32C14.31 288 0 273.7 0 255.1S14.31 224 32 224h370.8l-73.38-73.38c-12.5-12.5-12.5-32.75 0-45.25s32.75-12.5 45.25 0l128 128C515.1 245.9 515.1 266.1 502.6 278.6z\"><\/path><\/svg><\/a><\/div><\/div><\/div>\n\n\n\n<figure class=\"wp-block-image alignright size-full is-resized\"><img loading=\"lazy\" decoding=\"async\" width=\"1024\" height=\"1024\" src=\"https:\/\/iamarketing.gp.utfpr.edu.br\/wp-content\/uploads\/2024\/07\/Designer-54-edited-1.jpeg\" alt=\"\" class=\"wp-image-2392\" style=\"width:559px;height:auto\" srcset=\"https:\/\/iamarketing.gp.utfpr.edu.br\/wp-content\/uploads\/2024\/07\/Designer-54-edited-1.jpeg 1024w, https:\/\/iamarketing.gp.utfpr.edu.br\/wp-content\/uploads\/2024\/07\/Designer-54-edited-1-300x300.jpeg 300w, https:\/\/iamarketing.gp.utfpr.edu.br\/wp-content\/uploads\/2024\/07\/Designer-54-edited-1-150x150.jpeg 150w, https:\/\/iamarketing.gp.utfpr.edu.br\/wp-content\/uploads\/2024\/07\/Designer-54-edited-1-768x768.jpeg 768w\" sizes=\"auto, (max-width: 1024px) 100vw, 1024px\" \/><\/figure>\n<\/div>\n\n\n\n<div class=\"wp-block-uagb-container uagb-layout-grid uagb-block-3e7a0fa1\">\n<div class=\"wp-block-uagb-advanced-heading uagb-block-165a3982\"><h2 class=\"uagb-heading-text\">Inove-se<\/h2><\/div>\n\n\n\n<div class=\"wp-block-uagb-advanced-heading uagb-block-0d1db6a6\"><p class=\"uagb-desc-text\">Se conecte com seus clientes de maneira eficiente.<br>Fa\u00e7a o futuro ser o seu presente.<\/p><\/div>\n\n\n\n<p><\/p>\n\n\n\n<p><\/p>\n<\/div>\n\n\n\n<div class=\"wp-block-uagb-marketing-button uagb-marketing-btn__align-center uagb-marketing-btn__align-text-center uagb-marketing-btn__icon-after uagb-block-12463c68 wp-block-button\"><a href=\"https:\/\/funtefpr.conveniar.com.br\/eventos\/Forms\/Servicos\/EventoDados.aspx?action=1843\" class=\"uagb-marketing-btn__link wp-block-button__link\" target=\"_blank\" rel=\"noopener noreferrer\"><span class=\"uagb-marketing-btn__title\">Fa\u00e7a sua inscri\u00e7\u00e3o aqui<\/span><svg xmlns=\"https:\/\/www.w3.org\/2000\/svg\" viewBox=\"0 0 512 512\"><path d=\"M384 320c-17.67 0-32 14.33-32 32v96H64V160h96c17.67 0 32-14.32 32-32s-14.33-32-32-32L64 96c-35.35 0-64 28.65-64 64V448c0 35.34 28.65 64 64 64h288c35.35 0 64-28.66 64-64v-96C416 334.3 401.7 320 384 320zM488 0H352c-12.94 0-24.62 7.797-29.56 19.75c-4.969 11.97-2.219 25.72 6.938 34.88L370.8 96L169.4 297.4c-12.5 12.5-12.5 32.75 0 45.25C175.6 348.9 183.8 352 192 352s16.38-3.125 22.62-9.375L416 141.3l41.38 41.38c9.156 9.141 22.88 11.84 34.88 6.938C504.2 184.6 512 172.9 512 160V24C512 10.74 501.3 0 488 0z\"><\/path><\/svg><p class=\"uagb-marketing-btn__prefix\">turma 01\/2024 &#8211; de 18\/09\/2024 a 17\/10\/2024<\/p><\/a><\/div>\n\n\n\n<div class=\"wp-block-uagb-marketing-button uagb-marketing-btn__align-center uagb-marketing-btn__align-text-center uagb-marketing-btn__icon-after uagb-block-12463c68 wp-block-button\"><a href=\"https:\/\/docs.google.com\/forms\/d\/e\/1FAIpQLSeRvLpL-tOUuLyAW8hnR1X34WdHZ4safhhRoZmFoAmhgyrk6Q\/viewform\" class=\"uagb-marketing-btn__link wp-block-button__link\" target=\"\" rel=\"noopener noreferrer\"><span class=\"uagb-marketing-btn__title\">Formul\u00e1rio de Manifesta\u00e7\u00e3o de Interesse<\/span><svg xmlns=\"https:\/\/www.w3.org\/2000\/svg\" viewBox=\"0 0 512 512\"><path d=\"M384 320c-17.67 0-32 14.33-32 32v96H64V160h96c17.67 0 32-14.32 32-32s-14.33-32-32-32L64 96c-35.35 0-64 28.65-64 64V448c0 35.34 28.65 64 64 64h288c35.35 0 64-28.66 64-64v-96C416 334.3 401.7 320 384 320zM488 0H352c-12.94 0-24.62 7.797-29.56 19.75c-4.969 11.97-2.219 25.72 6.938 34.88L370.8 96L169.4 297.4c-12.5 12.5-12.5 32.75 0 45.25C175.6 348.9 183.8 352 192 352s16.38-3.125 22.62-9.375L416 141.3l41.38 41.38c9.156 9.141 22.88 11.84 34.88 6.938C504.2 184.6 512 172.9 512 160V24C512 10.74 501.3 0 488 0z\"><\/path><\/svg><p class=\"uagb-marketing-btn__prefix\">Voc\u00ea receber\u00e1 em primeira m\u00e3o as informa\u00e7\u00f5es de abertura<br>de editais de sele\u00e7\u00e3o de novas turmas, entre outras informa\u00e7\u00f5es!<\/p><\/a><\/div>\n<\/div><\/div>\n\n\n\n<p><\/p>\n","protected":false},"excerpt":{"rendered":"<p>Objetivo O MBA em Intelig\u00eancia Artificial e Inova\u00e7\u00e3o no Marketing Digital tem como objetivo oferecer uma forma\u00e7\u00e3o de excel\u00eancia, estrat\u00e9gica, t\u00e9cnica e empreendedora voltada a rec\u00e9m-graduados, profissionais, empres\u00e1rios, industri\u00e1rios que possibilite o exerc\u00edcio profissional \u00e9tico, cr\u00edtico e com compet\u00eancias para a formata\u00e7\u00e3o de a\u00e7\u00f5es que envolvam a utiliza\u00e7\u00e3o da an\u00e1lise de dados, de estrat\u00e9gias de [&hellip;]<\/p>\n","protected":false},"author":2,"featured_media":0,"parent":0,"menu_order":0,"comment_status":"closed","ping_status":"closed","template":"","meta":{"_uag_custom_page_level_css":"","site-sidebar-layout":"no-sidebar","site-content-layout":"page-builder","ast-site-content-layout":"full-width-container","site-content-style":"unboxed","site-sidebar-style":"unboxed","ast-global-header-display":"","ast-banner-title-visibility":"","ast-main-header-display":"","ast-hfb-above-header-display":"","ast-hfb-below-header-display":"","ast-hfb-mobile-header-display":"","site-post-title":"disabled","ast-breadcrumbs-content":"","ast-featured-img":"disabled","footer-sml-layout":"","theme-transparent-header-meta":"enabled","adv-header-id-meta":"","stick-header-meta":"","header-above-stick-meta":"","header-main-stick-meta":"","header-below-stick-meta":"","astra-migrate-meta-layouts":"set","ast-page-background-enabled":"default","ast-page-background-meta":{"desktop":{"background-color":"","background-image":"","background-repeat":"repeat","background-position":"center center","background-size":"auto","background-attachment":"scroll","background-type":"","background-media":"","overlay-type":"","overlay-color":"","overlay-opacity":"","overlay-gradient":""},"tablet":{"background-color":"","background-image":"","background-repeat":"repeat","background-position":"center center","background-size":"auto","background-attachment":"scroll","background-type":"","background-media":"","overlay-type":"","overlay-color":"","overlay-opacity":"","overlay-gradient":""},"mobile":{"background-color":"","background-image":"","background-repeat":"repeat","background-position":"center center","background-size":"auto","background-attachment":"scroll","background-type":"","background-media":"","overlay-type":"","overlay-color":"","overlay-opacity":"","overlay-gradient":""}},"ast-content-background-meta":{"desktop":{"background-color":"var(--ast-global-color-5)","background-image":"","background-repeat":"repeat","background-position":"center center","background-size":"auto","background-attachment":"scroll","background-type":"","background-media":"","overlay-type":"","overlay-color":"","overlay-opacity":"","overlay-gradient":""},"tablet":{"background-color":"var(--ast-global-color-5)","background-image":"","background-repeat":"repeat","background-position":"center center","background-size":"auto","background-attachment":"scroll","background-type":"","background-media":"","overlay-type":"","overlay-color":"","overlay-opacity":"","overlay-gradient":""},"mobile":{"background-color":"var(--ast-global-color-5)","background-image":"","background-repeat":"repeat","background-position":"center center","background-size":"auto","background-attachment":"scroll","background-type":"","background-media":"","overlay-type":"","overlay-color":"","overlay-opacity":"","overlay-gradient":""}},"footnotes":""},"class_list":["post-139","page","type-page","status-publish","hentry"],"uagb_featured_image_src":{"full":false,"thumbnail":false,"medium":false,"medium_large":false,"large":false,"1536x1536":false,"2048x2048":false},"uagb_author_info":{"display_name":"Anthony Egiert","author_link":"https:\/\/iamarketing.gp.utfpr.edu.br\/?author=2"},"uagb_comment_info":0,"uagb_excerpt":"Objetivo O MBA em Intelig\u00eancia Artificial e Inova\u00e7\u00e3o no Marketing Digital tem como objetivo oferecer uma forma\u00e7\u00e3o de excel\u00eancia, estrat\u00e9gica, t\u00e9cnica e empreendedora voltada a rec\u00e9m-graduados, profissionais, empres\u00e1rios, industri\u00e1rios que possibilite o exerc\u00edcio profissional \u00e9tico, cr\u00edtico e com compet\u00eancias para a formata\u00e7\u00e3o de a\u00e7\u00f5es que envolvam a utiliza\u00e7\u00e3o da an\u00e1lise de dados, de estrat\u00e9gias de&hellip;","_links":{"self":[{"href":"https:\/\/iamarketing.gp.utfpr.edu.br\/index.php?rest_route=\/wp\/v2\/pages\/139","targetHints":{"allow":["GET"]}}],"collection":[{"href":"https:\/\/iamarketing.gp.utfpr.edu.br\/index.php?rest_route=\/wp\/v2\/pages"}],"about":[{"href":"https:\/\/iamarketing.gp.utfpr.edu.br\/index.php?rest_route=\/wp\/v2\/types\/page"}],"author":[{"embeddable":true,"href":"https:\/\/iamarketing.gp.utfpr.edu.br\/index.php?rest_route=\/wp\/v2\/users\/2"}],"replies":[{"embeddable":true,"href":"https:\/\/iamarketing.gp.utfpr.edu.br\/index.php?rest_route=%2Fwp%2Fv2%2Fcomments&post=139"}],"version-history":[{"count":14,"href":"https:\/\/iamarketing.gp.utfpr.edu.br\/index.php?rest_route=\/wp\/v2\/pages\/139\/revisions"}],"predecessor-version":[{"id":2433,"href":"https:\/\/iamarketing.gp.utfpr.edu.br\/index.php?rest_route=\/wp\/v2\/pages\/139\/revisions\/2433"}],"wp:attachment":[{"href":"https:\/\/iamarketing.gp.utfpr.edu.br\/index.php?rest_route=%2Fwp%2Fv2%2Fmedia&parent=139"}],"curies":[{"name":"wp","href":"https:\/\/api.w.org\/{rel}","templated":true}]}}